{"version":"1.0","provider_name":"TaG&#039;art napl\u00f3ja","provider_url":"https:\/\/tagart.cafeblog.hu","author_name":"L\u00e9lekcsillag m\u0171hely","author_url":"https:\/\/tagart.cafeblog.hu\/author\/lelekcsillag_muhely\/","title":"Nagyszombat.","html":"<div class=\"\">\r\n<div class=\"_1mf _1mj\"><span><span>Nagyszombat. <\/span><\/span><\/div>\r\n<\/div>\r\n<div class=\"\">\r\n<div class=\"_1mf _1mj\"><span>\u00a0<\/span><\/div>\r\n<\/div>\r\n<div class=\"\">\r\n<div class=\"_1mf _1mj\"><span><span>J\u00e9zus hal\u00e1l\u00e1ra eml\u00e9kezik a kereszt\u00e9ny vil\u00e1g. Arra, hogy keresztre fesz\u00edtett teste a sziklas\u00edrban nyugszik.<\/span><\/span><\/div>\r\n<\/div>\r\n<div class=\"\">\r\n<div class=\"_1mf _1mj\"><span>\u00a0<\/span><\/div>\r\n<\/div>\r\n<div class=\"\">\r\n<div class=\"_1mf _1mj\"><span><span>\u00c1m napnyugta ut\u00e1n elkezd\u0151dnek a szertart\u00e1sok, melyek hajnalba ny\u00falnak, s ez m\u00e1r a h\u00fasv\u00e9ti \u00f6r\u00f6m el\u0151est\u00e9je\u2026 A h\u00fasv\u00e9ti gyertya is l\u00e1ngra lobban.<\/span><\/span><\/div>\r\n<\/div>\r\n<div class=\"\">\r\n<div class=\"_1mf _1mj\"><span><span>Az \u00faj t\u0171z gy\u00fajt\u00e1s \u00fcnnepe volt a legszentebb \u00e9s legboldogabb nap.<\/span><\/span><\/div>\r\n<\/div>\r\n<div class=\"\">\r\n<div class=\"_1mf _1mj\"><span>\u00a0<\/span><\/div>\r\n<\/div>\r\n<div class=\"\">\r\n<div class=\"_1mf _1mj\"><span>\u00a0<\/span><\/div>\r\n<\/div>\r\n<div class=\"\">\r\n<div class=\"_1mf _1mj\"><span><span>\u00dcnnepelj\u00fck a vil\u00e1goss\u00e1g gy\u0151zelm\u00e9t a s\u00f6t\u00e9t felett. Az \u00e9let diadal\u00e1t a b\u0171n \u00e9s hal\u00e1l felett.<\/span><\/span><\/div>\r\n<\/div>\r\n<div class=\"\">\r\n<div class=\"_1mf _1mj\"><span>\u00a0<\/span><\/div>\r\n<\/div>\r\n<div class=\"\">\r\n<div class=\"_1mf _1mj\"><span><span>Elm\u00e9lkedhet\u00fcnk, honnan j\u00f6tt\u00fcnk, \u00e9s ami enn\u00e9l is fontosabb merre tartunk, hov\u00e1 megy\u00fcnk.<\/span><\/span><\/div>\r\n<\/div>\r\n<div class=\"\">\r\n<div class=\"_1mf _1mj\"><span><br \/><\/span><a href=\"https:\/\/tagart.cafeblog.hu\/files\/2016\/03\/48a.jpg\"><img class=\"alignnone size-medium wp-image-1350\" src=\"https:\/\/tagart.cafeblog.hu\/files\/2016\/03\/48a-255x300.jpg\" alt=\"48a\" width=\"255\" height=\"300\" \/><\/a><\/div>\r\n<div class=\"_1mf _1mj\">\u00d6lel\u00e9s, Gabi.<\/div>\r\n<\/div>","type":"rich"}

TaG&#039;art naplója

Lélekcsillag műhely

<div class="">
<div class="_1mf _1mj"><span><span>Nagyszombat. </span></span></div>
</div>
<div class="">
<div class="_1mf _1mj"><span> </span></div>
</div>
<div class="">
<div class="_1mf _1mj"><span><span>Jézus halálára emlékezik a keresztény világ. Arra, hogy keresztre feszített teste a sziklasírban nyugszik.</span></span></div>
</div>
<div class="">
<div class="_1mf _1mj"><span> </span></div>
</div>
<div class="">
<div class="_1mf _1mj"><span><span>Ám napnyugta után elkezdődnek a szertartások, melyek hajnalba nyúlnak, s ez már a húsvéti öröm előestéje… A húsvéti gyertya is lángra lobban.</span></span></div>
</div>
<div class="">
<div class="_1mf _1mj"><span><span>Az új tűz gyújtás ünnepe volt a legszentebb és legboldogabb nap.</span></span></div>
</div>
<div class="">
<div class="_1mf _1mj"><span> </span></div>
</div>
<div class="">
<div class="_1mf _1mj"><span> </span></div>
</div>
<div class="">
<div class="_1mf _1mj"><span><span>Ünnepeljük a világosság győzelmét a sötét felett. Az élet diadalát a bűn és halál felett.</span></span></div>
</div>
<div class="">
<div class="_1mf _1mj"><span> </span></div>
</div>
<div class="">
<div class="_1mf _1mj"><span><span>Elmélkedhetünk, honnan jöttünk, és ami ennél is fontosabb merre tartunk, hová megyünk.</span></span></div>
</div>
<div class="">
<div class="_1mf _1mj"><span><br /></span><a href="https://tagart.cafeblog.hu/files/2016/03/48a.jpg"><img class="alignnone size-medium wp-image-1350" src="https://tagart.cafeblog.hu/files/2016/03/48a-255x300.jpg" alt="48a" width="255" height="300" /></a></div>
<div class="_1mf _1mj">Ölelés, Gabi.</div>
</div>
