{"version":"1.0","provider_name":"TaG&#039;art napl\u00f3ja","provider_url":"https:\/\/tagart.cafeblog.hu","author_name":"L\u00e9lekcsillag m\u0171hely","author_url":"https:\/\/tagart.cafeblog.hu\/author\/lelekcsillag_muhely\/","title":"Isten gyarap\u00edtson...","html":"<p>&nbsp;<\/p>\r\n<p>J\u00f3zsef n\u00e9v jelent\u00e9se: Isten gyarap\u00edtson.<\/p>\r\n<p>J\u00f3zsef igaz ember volt,\u00a0 ahogy a Szent\u00edr\u00e1s sz\u00f3l r\u00f3la.\u00a0 M\u00e9lt\u00f3 arra, hogy J\u00e9zus atyj\u00e1nak neveztess\u00e9k.<\/p>\r\n<p>\u00dagy tartj\u00e1k Szent J\u00f3zsef a madarak s\u00edpj\u00e1t ma \"kiosztja\", b\u00e1r szinte el sem tette, hisz fecser\u00e9sznek naphosszat sokunk boldogs\u00e1g\u00e1ra a csivitel\u0151k...<\/p>\r\n<p>Amilyen ma az id\u0151 arra sz\u00e1m\u00edthatunk arat\u00e1skor, \u00e9s mindenk\u00e9ppen vegy\u00fcnk tiszta ruh\u00e1t is miut\u00e1n f\u00fcr\u00f6dt\u00fcnk.<\/p>\r\n<p>A n\u00e9phit szerint nem szabad k\u00f6lcs\u00f6nt adni a mai napon. Ki tudja mi\u00e9rt?<\/p>\r\n<p>Ami biztos, volt a zs\u00e1kban meleg, gy\u00f6ny\u00f6r\u0171en s\u00fct a nap.\u00a0 A f\u0171 serken a vir\u00e1gok pomp\u00e1znak.<\/p>\r\n<p>Isten \u00e9ltesse a n\u00e9vnaposokat, b\u00e1rhogy is bec\u00e9zz\u00fck dr\u00e1ga J\u00f3zsefeinket!<\/p>\r\n<p>&nbsp;<\/p>\r\n<p><a href=\"https:\/\/tagart.cafeblog.hu\/files\/2016\/03\/18.4.jpg\"><img class=\"alignnone size-medium wp-image-1335\" src=\"https:\/\/tagart.cafeblog.hu\/files\/2016\/03\/18.4-204x300.jpg\" alt=\"18.4\" width=\"204\" height=\"300\" \/><\/a><\/p>\r\n<p>\u00d6lel\u00e9s, Gabi!<\/p>\r\n<p>&nbsp;<\/p>\r\n<p>&nbsp;<\/p>\r\n<p>&nbsp;<\/p>\r\n<p>&nbsp;<\/p>\r\n<p>&nbsp;<\/p>\r\n<p>&nbsp;<\/p>\r\n<p><b>\u00a0<\/b><\/p>","type":"rich"}

TaG&#039;art naplója

Lélekcsillag műhely

Isten gyarapítson...

<p>&nbsp;</p>
<p>József név jelentése: Isten gyarapítson.</p>
<p>József igaz ember volt,  ahogy a Szentírás szól róla.  Méltó arra, hogy Jézus atyjának neveztessék.</p>
<p>Úgy tartják Szent József a madarak sípját ma "kiosztja", bár szinte el sem tette, hisz fecserésznek naphosszat sokunk boldogságára a csivitelők...</p>
<p>Amilyen ma az idő arra számíthatunk aratáskor, és mindenképpen vegyünk tiszta ruhát is miután fürödtünk.</p>
<p>A néphit szerint nem szabad kölcsönt adni a mai napon. Ki tudja miért?</p>
<p>Ami biztos, volt a zsákban meleg, gyönyörűen süt a nap.  A fű serken a virágok pompáznak.</p>
<p>Isten éltesse a névnaposokat, bárhogy is becézzük drága Józsefeinket!</p>
<p>&nbsp;</p>
<p><a href="https://tagart.cafeblog.hu/files/2016/03/18.4.jpg"><img class="alignnone size-medium wp-image-1335" src="https://tagart.cafeblog.hu/files/2016/03/18.4-204x300.jpg" alt="18.4" width="204" height="300" /></a></p>
<p>Ölelés, Gabi!</p>
<p>&nbsp;</p>
<p>&nbsp;</p>
<p>&nbsp;</p>
<p>&nbsp;</p>
<p>&nbsp;</p>
<p>&nbsp;</p>
<p><b> </b></p>
