{"version":"1.0","provider_name":"TaG&#039;art napl\u00f3ja","provider_url":"https:\/\/tagart.cafeblog.hu","author_name":"L\u00e9lekcsillag m\u0171hely","author_url":"https:\/\/tagart.cafeblog.hu\/author\/lelekcsillag_muhely\/","title":"Dolgaink...","html":"<p>Az ut\u00f3bbi napok t\u00f6rt\u00e9n\u00e9sei mellett neh\u00e9z sz\u00f3tlannak maradni.<\/p>\r\n<p>Teszem a dolgom, gyakorlom a csendet...<\/p>\r\n<p>Mindenki viszi a maga keresztj\u00e9t.\u00a0 Ha tehetem, seg\u00edtek akinek tudok \u00e9s sz\u00fcks\u00e9ge van r\u00e1m, mik\u00f6zben rem\u00e9lem b\u00edrom a magam\u00e9t.<\/p>\r\n<p>Mindek\u00f6zben m\u00e9rhetetlen\u00fcl f\u00e1j, mennyire m\u00e9ltatlan dolgok r\u00e9szesei vagyunk.<\/p>\r\n<p>Az erk\u00f6lcsi norm\u00e1nk lassan m\u00e1r \u00e9rt\u00e9kelhetetlen m\u00e9lys\u00e9gig zuhan, a szeretet csak a szavakban \u00e9l...egym\u00e1s tisztelete...h\u00e1t, igen.<\/p>\r\n<p>Most, ma, nagyon nem tudom kezelni... holnap jobb lesz... hiszem.<\/p>\r\n<p>Nem, nem\u00a0 \u00edt\u00e9lkezni akarok, ez csak \u00e9szlel\u00e9s, t\u00e9nymeg\u00e1llap\u00edt\u00e1s.\u00a0<\/p>\r\n<p>Ilyenkor (vagyis naponta) eszembe jutnak a zseni\u00e1lis k\u00f6zmond\u00e1sok, melyeket sok tucat \u00e9vtizede ismer\u00fcnk. ( Csendben jegyzem meg, azok az emberek jegyezt\u00e9k ezeket, akiket Mi\u00a0 \"tudatlanabbaknak\" mondunk. )<\/p>\r\n<p>Ma sokszor haszn\u00e1ljuk ezeket an\u00e9lk\u00fcl, hogy m\u00e1kszemnyit is elgondolkodn\u00e1nk \u00e9rtelm\u00fck\u00f6n....<\/p>\r\n<p>Mindenki a maga port\u00e1j\u00e1n sepregetne, (\u00e9s nem, a nekem lehet, de neki nem mert mit k\u00e9pzel, elvet vallan\u00e1nk) biztos kellemesebb, \u00e9lhet\u0151bb lenne vil\u00e1gunk.<\/p>\r\n<p>Ugye?\u00a0 S megannyi jut eszembe, gondolom nem csak nekem.<\/p>\r\n<p>A kert pedig \"csak\" sz\u00e9p, ahogyan az \u00e9let ..... Is.\u00a0 :)<\/p>\r\n<p><a href=\"https:\/\/tagart.cafeblog.hu\/files\/2015\/07\/kert15.jpg\"><img class=\"alignnone size-medium wp-image-818\" src=\"https:\/\/tagart.cafeblog.hu\/files\/2015\/07\/kert15-209x300.jpg\" alt=\"kert15\" width=\"209\" height=\"300\" \/><\/a><\/p>\r\n<p>&nbsp;<\/p>\r\n<p>\u00d6lel\u00e9s, Gabi.<\/p>\r\n<p>&nbsp;<\/p>\r\n<p>&nbsp;<\/p>","type":"rich"}

TaG&#039;art naplója

Lélekcsillag műhely

<p>Az utóbbi napok történései mellett nehéz szótlannak maradni.</p>
<p>Teszem a dolgom, gyakorlom a csendet...</p>
<p>Mindenki viszi a maga keresztjét.  Ha tehetem, segítek akinek tudok és szüksége van rám, miközben remélem bírom a magamét.</p>
<p>Mindeközben mérhetetlenül fáj, mennyire méltatlan dolgok részesei vagyunk.</p>
<p>Az erkölcsi normánk lassan már értékelhetetlen mélységig zuhan, a szeretet csak a szavakban él...egymás tisztelete...hát, igen.</p>
<p>Most, ma, nagyon nem tudom kezelni... holnap jobb lesz... hiszem.</p>
<p>Nem, nem  ítélkezni akarok, ez csak észlelés, ténymegállapítás. </p>
<p>Ilyenkor (vagyis naponta) eszembe jutnak a zseniális közmondások, melyeket sok tucat évtizede ismerünk. ( Csendben jegyzem meg, azok az emberek jegyezték ezeket, akiket Mi  "tudatlanabbaknak" mondunk. )</p>
<p>Ma sokszor használjuk ezeket anélkül, hogy mákszemnyit is elgondolkodnánk értelmükön....</p>
<p>Mindenki a maga portáján sepregetne, (és nem, a nekem lehet, de neki nem mert mit képzel, elvet vallanánk) biztos kellemesebb, élhetőbb lenne világunk.</p>
<p>Ugye?  S megannyi jut eszembe, gondolom nem csak nekem.</p>
<p>A kert pedig "csak" szép, ahogyan az élet ..... Is.  :)</p>
<p><a href="https://tagart.cafeblog.hu/files/2015/07/kert15.jpg"><img class="alignnone size-medium wp-image-818" src="https://tagart.cafeblog.hu/files/2015/07/kert15-209x300.jpg" alt="kert15" width="209" height="300" /></a></p>
<p>&nbsp;</p>
<p>Ölelés, Gabi.</p>
<p>&nbsp;</p>
<p>&nbsp;</p>
